 - (-1 - -10).
-5
3 + (-13 - -5) + 2
-3
13 - (-4 + (7 - 1) + 5)
6
What is the value of 1 + -2 + 1 - (-3 - 1)?
4
What is 2 + (-1 + -3 - 2) + -1?
-5
4 + (-3 - 3 - -5)
3
What is -5 + (3 - 0) + 3 + -5?
-4
What is -12 + (-13 - (13 + -46))?
8
What is the value of (-1 - 8) + (-9 - -13)?
-5
What is (0 - (4 - 2)) + -4 + 8?
2
Calculate -11 - (2 - 12 - (6 + -11)).
-6
Evaluate (6 - 3) + 0 + 1.
4
Calculate (-1 - -2) + (3 - (15 + -15)).
4
What is -1 + 0 + 0 + (-7 - -4)?
-4
Evaluate 0 + -4 + 3 + 1.
0
(3 - 2) + 4 - 2 - -6
9
2 - 2 - (16 - 21)
5
Evaluate 2 + (0 - (-1 + 3)) + -3.
-3
What is the value of 1 - (-3 + 3 + -1)?
2
What is (-4 + 6 - (1 + -2)) + -2?
1
1 + 0 + (-22 - -13)
-8
(37 - 22) + -7 + 0
8
What is the value of 1 - (3 - -5) - -5 - -3?
1
Calculate 13 + -7 + -2 + -2.
2
Calculate -5 + 7 + -3 + (3 - 1).
1
What is the value of 8 - (3 + -8 + 8)?
5
What is the value of 12 - 23 - (-17 - -5)?
1
What is -10 + -1 - -22 - 12?
-1
What is 2 - 7 - (-8 - -2)?
1
What is the value of -1 + (-6 - 0 - (2 - 7))?
-2
What is 3 - -4 - (-7 - -16 - 1)?
-1
What is 2 - (17 + -8) - -9?
2
Calculate 6 + (1 + -10 - -1).
-2
Calculate (-3 + -1 - -3) + 6.
5
What is 2 + (-2 - (5 + -1))?
-4
Calculate -1 + 7 + (6 - (11 - -4)).
-3
Evaluate 6 - 3 - (0 + 3 + -3).
3
What is the value of (-1 - -4) + (59 - 70)?
-8
Calculate -7 + (-1 + 9 - 2) - -8.
7
What is the value of 3 - ((-1 - 3) + 3)?
4
Evaluate -1 + 5 - (-4 - -6) - -1.
3
What is 2 + 3 - (11 - 8)?
2
Calculate 0 + -1 + (4 - 4).
-1
Calculate -9 - -10 - (-2 - 3).
6
4 - (-12 - -7 - -4)
5
(2 - 3 - 0 - -4) + 0
3
What is (1 - -7) + (-2 - 4) - -3?
5
Calculate -2 + -14 + 6 + 8.
-2
Evaluate 5 + -4 - (2 - -2).
-3
Calculate -9 + (3 - (-2 - -1)) + 0.
-5
Calculate (-10 - 7 - -12) + 12.
7
-5 + (3 - (2 + -3))
-1
Calculate (-2 - -8) + -7 - (1 - 2).
0
What is 9 - (9 + -1 + -4) - 5?
0
What is 4 - (11 + -5 + 2)?
-4
Evaluate 6 - (12 - (-5 + (3 - -5))).
-3
Evaluate (3 - (5 - -1)) + 3 + -4.
-4
What is -1 - (2 + -4 + 0)?
1
Evaluate (40 - 39) + -1 + -2 - 5.
-7
What is the value of 3 - 9 - (4 - (4 - 0))?
-6
Calculate -2 + -2 + -2 - (0 + -9).
3
What is -3 + (-3 + (3 - -1) - -7)?
5
What is the value of 2 + (-3 - -1) + (72 - 72)?
0
Evaluate -4 - (3 + (2 - 3) + -3).
-3
What is 0 - ((6 - 7) + -2 + 1)?
2
Calculate (6 - 3 - -3) + -5.
1
What is (3 - 9) + -1 + 11?
4
-2 + (1 + 3 - 1 - 3)
-2
What is -7 + (2 - 2) + 0 + 2?
-5
What is -7 + 9 - (2 + 1 + -1)?
0
-5 + (-9 - 1 - -8)
-7
What is -1 + 3 - (-2 + (3 - 2))?
3
6 - (-1 + 4 + 2) - -9
10
-1 - 1 - (4 + -14 + 4)
4
-9 + 4 - (5 + -5 + 0)
-5
(2 - 5) + (6 - -3 - 2)
4
(2 - 3) + -4 + (-10 - -10)
-5
What is (-15 - -7 - 5) + 11?
-2
Evaluate 7 + -2 + -2 + 1 - 7.
-3
Evaluate 4 + (-3 - (-3 + -1)).
5
What is the value of -2 + 2 + 1 - 1?
0
-7 + 2 + -3 - (1 - 4)
-5
What is -2 + -7 + -2 - -3 - -3?
-5
What is the value of -2 - -3 - (-8 + -2 - -9)?
2
What is the value of (-2 + 1 - 5) + (-2 - -4)?
-4
Evaluate -2 + 4 + 0 + -6 + 5.
1
26 + -22 - (0 - -7)
-3
4 - 1 - (3 + 2)
-2
Evaluate (-1 - -6) + (9 - (3 - -9)).
2
Calculate 4 + (-4 + -1 - -1).
0
What is 1 - 4 - (0 - -2)?
-5
Calculate 0 - (-1 - 0) - (-9 + 14).
-4
What is -10 + 4 + 5 + (0 - 0)?
-1
Evaluate 1 + (-4 - (-9 - -2)).
4
What is (19 - 23) + -3 + 8?
1
Calculate -4 + (-4 + 5 - -1).
-2
Calculate (2 - -7) + -2 - (61 - 59).
5
-8 + (18 + -8 - 3)
-1
What is (-5 - -2 - -4) + 1?
2
-1 + (-5 - -2) - (-5 - -4)
-3
What is the value of (-1 - (6 + -5)) + -1?
-3
What is the value of 0 + 5 + 4 + (3 - 4)?
8
What is (-6 - (1 - 2)) + 4 + -1?
-2
Evaluate (6 - 3) + -1 + -8.
-6
What is the value of 4 - (2 - -1 - (1 - 2))?
0
0 + (0 - 0) + 4 + 1
5
Evaluate -7 + (2 - -8) - 1.
2
Calculate -2 - (2 + 2) - -2.
-4
Calculate (6 - 3) + -2 + (2 - 8).
-5
(-13 - (-6 + 1)) + 9
1
What is the value of (-204 - -208) + -1 + (2 - 1)?
4
What is the value of (17 - 18) + -1 + -3?
-5
What is the value of 1 + -1 - (1 + 2) - -2?
-1
What is the value of (-4 - (-7 - (2 - -2))) + -6?
1
What is 4 - 4 - -11 - 2?
9
Calculate 1 + (1 - 0) + -3 + 6.
5
What is (1 - 0) + (0 - -1) + -1?
1
-6 - (3 - (6 + -11 - -11))
-3
Evaluate 8 + (-2 - 3) + -9.
-6
What is -5 + (-2 - -1) + (4 - 1)?
-3
What is the value of 3 + (4 - 4 - 5)?
-2
-1 + (1 - -3) - (-7 - -4)
6
0 - (4 - (0 - -1)) - -8
5
Calculate 7 - (7 + -6 + 6).
0
-5 + 10 + 1 + -11
-5
What is the value of -5 + -11 + (8 - 3)?
-11
Calculate -7 + (3 - -4) + -3.
-3
Calculate -10 + (-7 - (-12 + (6 - 6))).
-5
What is 12 + (-4 - 0) - 4?
4
Evaluate 2 + 0 + (-10 - -7) + -6.
-7
Evaluate (12 - 12 - 0) + (-1 - 1).
-2
What is the value of (2 + -6 - -1) + 4?
1
What is the value of 3 + (4 - 5) - 1?
1
Evaluate (6 - 3) + -6 + 6.
3
What is the value of 4 + -2 - -2 - 6 - -4?
2
6 - (-4 - (2 - 10))
2
Evaluate 2 - (2 + 3) - (165 - 162).
-6
What is (-1 - (-1 + (-2 - -4))) + 1?
-1
2 - (-8 - (-7 + 0))
3
What is the value of 2 + -4 + (-24 - -22)?
-4
(4 - -2) + -6 + 1 + 2
3
What is the value of -2 - -6 - -1 - 2?
3
Calculate (3 - 8 - -2) + 0 + 0.
-3
What is the value of 3 + -3 + (9 - 4)?
5
What is 2 - 3 - ((-4 - -11) + -3)?
-5
What is 4 - (10 - 3 - 8)?
5
What is the value of 0 + -4 + -4 + -3 + 21?
10
(37 - 39) + (-1 - 3)
-6
What is 4 + 5 + -11 + 6?
4
What is -7 + (1 - -2 - (4 + -5))?
-3
Calculate 3 + (4 - 2) + -5 - -2.
2
Evaluate (-3 - 6) + 0 - -3.
-6
What is 8 + (2 - 6 - 0)?
4
What is the value of -3 - (-1 + 5 - (9 + 0))?
2
Calculate 0 + -10 + (4 - -4).
-2
Evaluate 1 - (10 - (15 - 4)).
2
Calculate 1 + (-7 - -2) - (-12 - -12).
-4
What is 6 + 2 + (-7 - 4) + 4?
1
3 + (1 - 7) + 9
6
What is the value of -8 - (-2 - (-1 - (-3 + 1)))?
-5
1 + 1 - (1 + -1 - 3)
5
Evaluate 0 + 0 + -21 + 20.
-1
Calculate 3 + (-3 - -1) + 9 + -7.
3
-2 + (-4 - 1) + 4 + 4
1
What is the value of 3 + 1 - (3 - (-14 + 4))?
-9
What is 2 + 1 - (4 + -6)?
5
What is (-6 - 0) + (-22 - -30)?
2
Evaluate 1 - 5 - (7 - 7) - -2.
-2
-3 + (1 - (-1 + 4))
-5
What is the value of -1 - ((5 - -3) + -6 + 1)?
-4
-4 - (17 + -6 + -7)
-8
What is -12 + 10 + (2 - 2 - 2)?
-4
What is the value of -10 + 9 - -17 - 7?
9
Evaluate -3 + 7 + -20 + 10.
-6
-1 + 8 + -3 - (4 - -1)
-1
Evaluate -5 + -9 + 10 + 6.
2
Calculate (-6 - -1) + 0 - -8 - 6.
-3
Calculate 4 - (-5 + 6) - 0 - 5.
-2
Calculate 3 - 3 - (15 - 8).
-7
Evaluate 2 - (5 + 4 + -5).
-2
0 - ((19 - 17) + 2 + 0)
-4
7 + (6 - (2 - -4) - 0)
7
What is the value of 10 + (1 - 8) + 2 + 0?
5
What is 3 - 0 - (1 - (0 + 1))?
3
What is the value of (-18 + 6 - 0) + 6?
-6
Evaluate -6 + -5 - (-3 + -3).
-5
Evaluate -8 + 1 + (1 - -5).
-1
What is -4 + 2 - (3 - 0)?
-5
-6 - (-21 + (-10 - -22))
3
What is the value of 11 - (1 - 5 - (-15 + 6))?
6
What is 0 + -3 - (9 + -21 + 6)?
3
Calculate (-4 + 5 + -1 - 1) + 1.
0
Calculate -4 - -3 - (-2 + 6).
-5
What is the value of 3 + -5 - -2 - 2 - 4?
-6
6 + (-4 + -4 + 17 - 20)
-5
Calculate 0 + 1 - (67 + -58).
-8
What is the value of 6 + (7 - (25 - 9))?
-3
4 + -7 - (1 + (-2 - -1))
-3
Calculate (-6 + 7 - 7) + 7.
1
Evaluate -156 - -152 - ((1 - 2) + -9).
6
What is the value of (-2 - -1) + -7 + 9?
1
What is the value of 2 + (-2 - (-2 - -3 - 2))?
1
Evaluate 12 + -6 + -1 + -2.
3
What is the value of 3 + 3 + -4 - 1?
1
What is the value of (-5 - -5) + 6 + -4?
2
Evaluate -8 + 2 + 3 + 0.
-3
Calculate -8 - (-9 - (-9 + 2)).
-6
Evaluate -3 - (1 + 1 - (2 + 3)).
0
Evaluate 10 + 9 + -13 - 6.
0
Calculate 5 + 0 - ((-2 - 4) + 4).
7
-2 + 6 - (1 - 1)
4
Calculate 6 - (1 + -1) - (9 + -7).
4
8 + -9 + -2 + -1 - -1
-3
Calculate (-2 - -3) + -4 + -1.
-4
Evaluate -3 - -7 - (4 - (3 - -1)).
4
What is the value of 2 - 1 - (-3 + -6 - -6)?
4
Calculate 2 + 2 + -7 + (-9 - -8).
-4
Calculate 5 - (1 - 0 - -1).
3
What is the value of (-9 - (-2 + -2)) + (-9 - -12)?
-2
Calculate 1 - (2 + -1) - -2 - 2.
0
Calculate -4 - (-21 + 14 + -1 + 2).
2
Evaluate 3 + (1 - 3) - 9 - -3.
-5
What is -2 + 4 - 2 - 3?
-3
-3 - 1 - (-13 - (-3 - 3))
3
5 - 11 - -6 - (-2 + -4)
6
Evaluate 4 + 5 + 2 + -5.
6
What is the value of -12 + (2 - -6) + 1 + -5?
-8
Evaluate 2 + -3 - (-2 + -3 + 1).
3
Evaluate 3 - (-1 - 2) - (9 - 8).
5
2 + 1 + -3 + (-7 - -4)
-3
What is 1 - (5 + (6 - 15))?
5
What is -2 + 3 + -5 + 0 + 7?
3
What is the value of 3 + -2 + -7 + 1 - -3?
-2
0 + -5 - (-10 + 12 + -5)
-2
Calculate (12 + -6 - 12) + 6.
0
What is the value of -3 - 4 - -2 - 0?
-5
1 + 4 + (7 - 10)
2
What is (5 - 8 - -4) + 0 - -4?
5
Calculate 7 + -1 - (1 - (-4 + 2)).
3
3 - 1 - (2 - 2 - -4)
-2
What is the value of (2 - 5) + -10 + 9 + 6